 - (10 - 20)) - 4.
-5
Calculate (1 + 2 - (29 + -25)) + -1.
-2
What is the value of -5 + (1 + (16 - -8) - 4) + -3?
13
-3 - -12 - (-5 + 1) - (2 - 4)
15
Calculate (4 - -5) + -5 - (21 - 12).
-5
What is the value of 29 - 20 - (4 + 15)?
-10
Evaluate (-37 + 6 - -82) + -24.
27
-17 - (-1 - 0 - (-39 + 43))
-12
Evaluate -1 + 1 + -31 + -67 + 80.
-18
What is the value of (-10 - -1) + 16 + 5?
12
Evaluate 6 - ((-2 - (-18 + 18)) + 20 + -1).
-11
Evaluate -16 - (0 - 2) - (3 + -5).
-12
What is the value of -7 - (15 - (-2 + (-6 - -38)))?
8
16 - (-8 - -25) - (-2 - (-2 - -2))
1
What is the value of 10 - (11 + 33 + -2 + -7 + 9)?
-34
What is -7 - -21 - (-30 - -42)?
2
What is (1 - 3) + 3 - -2 - (-1 - -7)?
-3
-99 + 105 - (-9 + 2)
13
24 + -6 + -4 + (1 - 2) - 2
11
Calculate -19 + 14 + 2 + (1 - 2).
-4
-22 - (2 - 28) - (3 + 6 + 3)
-8
-11 - (-24 + 5) - (30 + -4 + -3)
-15
1 - (-8 + 14 + -17 + 2)
10
(7 - (3 - (-8 - 5))) + (-3 - -2)
-10
2 + (3 - -2) + 4 + -15
-4
Calculate 2 - ((4 - (3 - -1)) + -15 + 12).
5
Evaluate -17 - ((22 - 20) + -10).
-9
What is the value of 14 - (0 + -4 - (5 + -9)) - 4?
10
(12 - (-2 - (0 - 5))) + -13
-4
-16 - 6 - (4 - 19)
-7
Evaluate -8 - (-23 + 3 + 4).
8
What is -1 - -11 - (-6 + 17 - 6) - -1?
6
5 + 1 + 0 + 5
11
Calculate 21 - 12 - (-2 + -13 - (-9 + 4)).
19
1 + -6 - (-4 - 0 - (-75 - -76))
0
-9 - (-26 - -25) - (3 + 0 + 5)
-16
Calculate 0 + 1 - ((-15 - -23) + -1 + 2).
-8
Evaluate (-7 - -25 - 26) + 15.
7
What is the value of -3 - ((7 - (-1 + -3) - 6) + -5)?
-3
What is the value of -17 - -3 - (-11 + 5) - (4 - -2)?
-14
What is the value of 7 + (13 - 7 - (1 + -2)) + -2?
12
(19 - 33) + 3 - -20
9
19 - (19 - (-8 + 10 + 9)) - 6
5
Evaluate 23 + 0 - (35 + -24 + -2).
14
Evaluate 10 - ((5 - 21) + 45 - -7).
-26
Evaluate -8 - 17 - -13 - -1.
-11
Calculate -10 + (20 - -4) + (-1 + 1 - 11).
3
What is the value of -36 + -11 + 15 + 16 - 19?
-35
-121 - -145 - (-2 - -20)
6
Calculate 27 + (-10 + 30 - 42).
5
Calculate -35 - -32 - (14 + -1 + -2) - 2.
-16
-22 + (36 - 25) - (-1 - 0)
-10
What is (10 - 32) + (16 - 4)?
-10
Evaluate 4 + -18 + 10 + -19.
-23
Calculate (-4 - 1) + (-69 - -36 - -42).
4
Evaluate -1 - (18 + -2 + 4) - -5 - -3.
-13
6 - (36 - (21 + -13) - (0 - -7))
-15
Evaluate (10 - -3 - 1) + (13 - 4).
21
35 + (-8 + -21 - -14)
20
9 - (12 + (-13 - (1 - 13)))
-2
What is the value of 1 - -7 - (-15 - (-21 + 7 - -2))?
11
Calculate (-4 + -8 + 6 - 17) + 7.
-16
(-49 + 40 - (-1 + 0)) + 7
-1
-1 + -55 - (607 + -646)
-17
2 - -13 - 20 - (-18 + 1)
12
What is the value of 13 + -22 + (-1 - -13) - 3?
0
What is (-84 - -75) + -2 + 31 + -11?
9
What is -12 - (-21 - (21 + -11 - 10))?
9
Evaluate -19 + 10 + -4 + 6.
-7
What is -20 + 24 + -9 - 12 - (-2 + -1)?
-14
6 - ((3 - 3) + -1)
7
16 - (-11 - (-20 - -10))
17
Calculate 6 + (-12 - -8) - 8.
-6
Calculate -7 - (2 - (-9 + 15)).
-3
What is the value of -6 + 3 + (-10 - (-11 + 6 - -1))?
-9
(35 + -49 - 11) + (4 - 0)
-21
What is 16 + -9 + 6 + (-2 - 5) - 8?
-2
What is -9 + (11 - 5) + -9?
-12
What is the value of -2 - (-8 + 6 + -9 + 2)?
7
Calculate -52 + 12 + 22 - 8.
-26
(8 - (27 - 28)) + (25 - -5)
39
What is the value of 1 + -9 + (6 - -9)?
7
What is the value of -41 + (39 - (-21 - -36))?
-17
6 + (-1 - (-7 + 10)) - 13
-11
What is -17 + (44 - 10) - (3 + (0 - 1))?
15
What is 3 + -1 - (-21 - 12 - -21)?
14
Evaluate -5 + 4 + 5 + (10 - 5).
9
What is 16 - (6 + 4 + (-1 + -2 - 2))?
11
Evaluate -5 + 18 - 6 - (-7 + -2).
16
Evaluate -7 + (-65 - -68 - (0 + -8)).
4
Evaluate (4 - 9) + 4 - 6 - -10.
3
Calculate -14 + (-28 - -19) - -11.
-12
What is -17 + -6 + -18 + 21?
-20
(-1085 - -1068) + 7 + -1
-11
Calculate (-5 + 5 + 1 - -7) + -13.
-5
Evaluate -1 + (3 - -1) + (-233 - -233).
3
What is the value of 4 + (5 - (6 - (-2 - 5)))?
-4
What is 28 + -27 - (-1 - (2 - 17))?
-13
Evaluate 15 - -7 - (-7 + 6 + 3 - -7).
13
What is the value of 1 - (1 - ((2 - 6 - 3) + 0))?
-7
What is the value of -173 - -173 - (11 + 0 - (0 - -1))?
-10
Evaluate (13 - (5 - -22)) + 17.
3
Calculate -4 - (-8 + -11 + (-11 - -49) + -9).
-14
What is the value of -8 + 3 + (1 - 3 - (-1 + -2))?
-4
16 + -3 + (-13 - 0)
0
Evaluate 12 - 0 - (-3 + 30 + -9).
-6
What is the value of 7 + (7 - (9 + -7))?
12
What is the value of -21 - ((-2 + -11 - -4) + (29 - 23))?
-18
Calculate (2 - 0) + (25 + -52 - -6).
-19
Evaluate (-18 - (-18 + 3)) + -3 + -17.
-23
What is (14 - (-12 - -21)) + 2 + 0 + -6?
1
What is the value of -7 + (0 + 4 - (-2 + -8 + 14))?
-7
What is the value of (-9 - (4 + 5 + -14 - -13)) + 0?
-17
What is -6 + 6 + 5 + -1 - (536 - 503)?
-29
Evaluate 5 + 2 + -5 + 6 + -12.
-4
What is the value of -12 - -6 - (5 - 6)?
-5
Calculate (-4 + -2 - -3) + 6.
3
What is the value of (-4 - 11) + -69 + 92?
8
What is ((34 - 21) + 3 - 0) + -1?
15
0 - -1 - (-29 + (-24 - -56))
-2
Calculate 8 - (-5 + 10) - (6 + -12) - 11.
-2
6 - ((-13 - -17) + 0)
2
Evaluate -2 - -7 - (-2 + 3) - (65 - 22).
-39
What is -25 - (-11 + (-13 - -4 - -12))?
-17
What is -6 + (-19 - (23 - 41))?
-7
What is the value of -8 + 0 - (51 + (58 - 85))?
-32
What is the value of 6 + -14 + -4 + (-1 - 2)?
-15
Calculate -7 + (5 - -2 - 11 - -9).
-2
21 - (2 - (6 - 6) - -3)
16
102 + -99 + (0 - (-3 - 2))
8
What is -20 + (7 - ((-7 + 10 - 6) + 9))?
-19
Calculate 13 + -13 + (25 - 30).
-5
What is 6 - ((13 - -11) + (-2 - -1))?
-17
What is -6 - (-4 - ((5 - -2) + -16))?
-11
Evaluate 35 + -38 - (14 + 1 + (-1 - 0)).
-17
21 + (10 - -47) + -38
40
Evaluate (1 - 19) + 10 - -8 - (-1 + -8).
9
What is the value of -12 + 12 + (-9 - -1)?
-8
Calculate 11 + -4 - (15 + -11 - -9).
-6
What is the value of (-6 - -14) + (-3 - -2)?
7
What is the value of 6 + -3 - 0 - (37 + -16 + -3)?
-15
What is the value of (2 - 6) + 7 + -16 + 16?
3
12 - (7 + (-1 - (13 + -13)))
6
Calculate (-2 - (1 + -1)) + -15 - (-247 + 242).
-12
Calculate (-8 - 5) + (-5 - 3) + 31.
10
What is the value of 6 + (-29 - 1) + (-12 - (-8 + 1))?
-29
What is the value of 8 - (-2 - (-52 + 16) - 10)?
-16
Calculate -10 - (20 + -16 - (-8 + 4)).
-18
What is the value of (5 - 7) + (1 - -1 - 4) + 21?
17
What is the value of 1 + -4 + 8 - 14 - -7?
-2
2 + 14 + 1 - (-40 + 15 + 26)
16
Calculate 5 + (-10 + 2 - -5) + -2 - -5.
5
What is -12 - (-11 + 10) - (0 + 1)?
-12
What is 10 + -7 + -3 - (-7 - -8)?
-1
Evaluate -20 + -1 - (47 + -33 - 21).
-14
What is 6 - (3 + 7) - -4?
0
Evaluate -28 + 0 + (736 - 723).
-15
-1 + -1 - (-11 - (-16 + -17 + 15))
-9
Calculate (0 - (-14 + (3 - -3))) + -5.
3
Evaluate 37 - 31 - (5 - -6).
-5
11 + -20 + 0 + 19
10
(324 - 321) + (-15 - 1)
-13
Evaluate 6 + (6 - -10) + -36.
-14
1 - -3 - 12 - (10 - 6)
-12
11 - (45 - (9 - 13 - -16))
-22
Evaluate 47 + -54 + -2 + 5.
-4
-36 + 9 - (3 + -10 + 18 - 8)
-30
Evaluate (-2 - -2 - -7) + 1 - 4.
4
-15 + 23 + -22 - (2 + -1)
-15
Calculate 73 + -61 - (1 + 8 - 21).
24
Calculate 13 + -11 + -2 + -2.
-2
(4 - -1) + (-43 - -34) - (2 + -2)
-4
What is the value of 3 + -9 - (2 + -15) - 11?
-4
What is the value of -1241 - -1289 - (27 + 1)?
20
Calculate 9 - ((-44 - -3) + 43).
7
What is the value of (-1 - -4 - (-1 - -1)) + 172 + -170?
5
Calculate (5 - (13 - -2)) + -8 + 14.
-4
What is the value of 19 - (-74 + 71 - (6 - (-1 + 3)))?
26
187 + -193 - (1 - 8)
1
What is (19 - 4) + -8 - (2 - -21)?
-16
What is -14 + (9 - 7) + -1 - -23?
10
Evaluate (-365 - -327) + (1 - -16).
-21
What is the value of -5 + (-15 - -12) + -18 + 6?
-20
What is the value of (-20 - -15 - 7) + 6?
-6
(-16 - 5 - 1) + (0 - -10)
-12
Calculate 19 - (15 - (4 + 5) - 19).
32
Evaluate 12 - (32 + -17 + 8).
-11
(10 + 0 - (7 + (-33 - -24))) + 4
16
Calculate 28 + (-41 - (-16 - -28)).
-25
Evaluate -1 + 15 - (-16 - (-30 - (-1 - 18))).
19
Evaluate (-7 - (5 - 6)) + 6 - (-21 + 38).
-17
Calculate -4 + (-16 - -26) + -14.
-8
What is (2 + -4 - -7) + -10 - -26?
21
Evaluate 0 - 24 - (17 - 34) - -13.
6
Evaluate -16 - (-19 + 23 - 9).
-11
What is 49 + -37 + (-1 + 2 - 7)?
6
What is (8 - (18 + -13) - (5 + 0)) + -1?
-3
11 + (25 - 38 - 5)
-7
What is the value of 28 + -40 - (-12 - 2)?
2
What is -1 + 0 - (323 + -327)?
3
1 + (-13 + 13 - -2)
3
Evaluate 9 - (24 + (1 - 20)).
4
What is -15 + 10 + 10 + (7 - 1)?
11
What is the value of (-4 - (-6 - 2 - (13 - 9))) + -2?
6
Evaluate (-10 - (-4 - 0)) + -12 + (0 - -5).
-13
Calculate 165 + -193 + (1 - (-2 + 2) - 2).
-29
-34 + 50 + (-2 - 2) + (-7 - 11)
-6
What is the value of (9 - 1 - (-15 - -11)) + -6 + 3?
9
0 + 3 + 5 + (-85 - -64)
-13
Calculate (3 - (21 + -9)